st common factor of g and d?
23
Suppose 4*j - x - 26 + 25 = 0, -2*j = -5*x + 13. What is the highest common factor of 4 and j?
1
Let h(n) = 76*n + 136. Let y be h(-1). Let r = 159 + -111. Calculate the greatest common divisor of y and r.
12
Suppose 0 = 7*j - 5623 - 397. Let o = -841 + j. What is the highest common divisor of 19 and o?
19
Let u be ((-1648)/28)/((-32)/560). What is the highest common factor of u and 10?
10
Let t = -1068 + 1095. Calculate the greatest common factor of t and 30.
3
Let w(r) = r**3 + 13 + 8*r**2 + 0 + 0*r - 2*r - 8. Let a be w(-8). Suppose -a = -f + 98. Calculate the highest common factor of f and 17.
17
Let a = 2562 - -2703. Let d be (a/(-162))/(1/(-2)). Calculate the highest common factor of 520 and d.
65
Let a(c) = 4473*c**3 - 2*c**2 + 3*c - 2. Let v be a(1). Suppose -9*b - 17*b = -v. What is the greatest common factor of 129 and b?
43
Let q(a) = -5311*a - 6258. Let n be q(-9). Calculate the greatest common factor of n and 183.
183
Let p be -1 + (-1)/(1/(-50)). Let i = -494 + 309. Let j = 256 - i. What is the highest common factor of j and p?
49
Let y(g) = -6*g**2 + 28*g + 6. Let h be y(5). Let q = 4 + -7. Let b be q + (-24)/h - -39. Calculate the greatest common factor of 168 and b.
42
Let t(r) = r**3 + 46*r**2 + 41*r + 2222. Let f be t(-46). What is the greatest common divisor of 966 and f?
42
Suppose 1165 + 959 = -9*o. Let h be o/(-16) + 4/16. What is the highest common factor of 6 and h?
3
Suppose p - 5*p + 4 = 0. Suppose 0 = 6*l - 39 - 15. Suppose 0 = -6*s + l*s + 12, 0 = 4*b + s - 40. Calculate the greatest common factor of b and p.
1
Suppose -2*v + 2060 = 3*l + l, -2*v - l = -2069. What is the greatest common factor of 1776 and v?
148
Let o be (111/(-3))/(4/(-20)). Suppose 4*s = -3*a - o, 2*s + 18 = -2*a - 102. Let r = a + 91. What is the greatest common divisor of r and 12?
12
Let p = -17798 - -17845. What is the highest common divisor of 799 and p?
47
Let i(y) = 64*y**2 + 2*y + 4. Suppose 4*x + 10 = -j, 3*x - 7*x + 5*j + 2 = 0. Let s be i(x). Calculate the greatest common divisor of 32 and s.
32
Let a = 1227 - 1150. Let x be 14/(0 + 4 + -3). Calculate the highest common factor of a and x.
7
Let c(q) = -36*q - 78. Let t be c(-6). Let s = t - 66. Let w be 0/(-13) - (-8 + -1). Calculate the highest common factor of s and w.
9
Let q = 348 - 46. Calculate the greatest common divisor of 1963 and q.
151
Let n be (-1)/(67/1040 - (-5)/(-65)). What is the greatest common factor of 8 and n?
8
Suppose 0 = -3*p + 3*b + 405, -2*p + 540 = 2*p - 3*b. Suppose -11*r + 97 = -62 - 6. Calculate the highest common divisor of r and p.
15
Suppose 10 = -5*n + 35. Let x(b) be the first derivative of b**3 - b**2 - 20*b + 17. Let r be x(5). Calculate the highest common factor of n and r.
5
Let j = 11 + -37. Suppose -4*m + z - 112 = 0, 5*m + 4*z + 40 = -100. Let a = j - m. Calculate the highest common factor of a and 18.
2
Let i be (2304/(-960))/(6/(-20)) - -208. Calculate the highest common factor of i and 83160.
216
Let t(l) = 5*l**2 - 4*l - 3. Let v be t(-3). Let f(x) = 2936*x + 26910. Let b be f(-9). Calculate the greatest common factor of v and b.
54
Let a = 455 + -460. Let z(v) = -33*v + 21. Let t be z(a). What is the highest common factor of 248 and t?
62
Suppose 7*b = 5*b + 396. Let n = b + -180. What is the highest common factor of 36 and n?
18
Suppose -40*d + 5891 - 1691 = 0. Let x be (22/33)/(1/126). What is the greatest common factor of x and d?
21
Let r(n) = -5*n + 38. Let b be r(7). Let u be -1*(-1 + b)*2. Let m be (u/(-6))/(-4 + 1092/270). What is the greatest common factor of 30 and m?
15
Let m(r) = 36*r**2 + 78*r + 12. Let w be m(-4). What is the greatest common divisor of 48 and w?
12
Suppose 0 = -54*l + 56*l - 12. Suppose -140 = -l*k - 14. What is the greatest common divisor of 315 and k?
21
Suppose 1054 + 486 = -23*i + 27*i. Calculate the highest common divisor of 14 and i.
7
Let b(i) = -2*i. Let g be b(-6). Let q(y) = -3. Let z(h) = 7*h - 31. Let t(p) = 3*q(p) + z(p). Let c be t(g). What is the greatest common divisor of c and 132?
44
Suppose 5*g - 24 = 2*g. Let l(w) = -w**3 + 2*w + 4. Suppose -6*s - 133 = -121. Let x be l(s). What is the highest common divisor of g and x?
8
Let r(k) = -3*k - 10. Let a be r(-20). Let h be ((-2)/8*a)/(1/(-2)). Suppose 2*c - h = -1. What is the highest common factor of c and 12?
12
Let g(c) = 20*c + 124. Let x(b) = -4*b - 26. Let t(h) = -3*g(h) - 16*x(h). Suppose -14 = 2*a - 2. Let d be t(a). What is the greatest common divisor of d and 4?
4
Let h = 244 + -236. Suppose 456 = h*z + 11*z. What is the greatest common factor of z and 6?
6
Suppose 7091924 + 12966711 = 203*b + 6196171. What is the greatest common factor of 97 and b?
97
Let d = -99 - 201. Let j(n) = n**3 - 2*n**2 + 1. Let s be j(-1). Let h be (d/45)/(s/3). What is the greatest common factor of 110 and h?
10
Suppose 64*u + 50 = 69*u. Suppose u = d + 4. Suppose -d*l + 242 = 14. What is the greatest common divisor of l and 38?
38
Let y = 75 + 261. Let q(x) = 2*x**2 - 7*x + 7. Let c be q(7). Let h = y - c. Calculate the greatest common divisor of h and 35.
35
Suppose -1992*g - x - 1039 = -1997*g, 3*g + x - 625 = 0. What is the highest common factor of 80 and g?
16
Suppose 0 = -5*p + 2*d + 12, 14*p - 2*d + 6 = 18*p. Let l be (-2)/8*p - 970/(-20). What is the greatest common factor of l and 84?
12
Let y be (-4)/10 - 119/(-35). Suppose -4*n + 4*z + 57 = -z, 4*n - y*z = 63. Suppose 0 = -88*p + 85*p + 378. Calculate the highest common factor of n and p.
18
Let g(k) = 170*k - 2035. Let r be g(12). Calculate the greatest common factor of 5815 and r.
5
Suppose 442 = 17*u - 414 - 215. Let q = 17 + -3. Calculate the greatest common divisor of u and q.
7
Let a be 3/(-5) + (-4)/10. Let u be 1/(-5)*-5 - a. Suppose -u*t - t + 4*j = -155, 200 = 5*t + 5*j. Calculate the highest common divisor of 15 and t.
15
Suppose 4*t + 3*r - 85 = 0, 0*t - 4*r = -2*t + 48. Suppose 20 = -5*p, -4*p - t = 2*h - 4*h. Calculate the highest common divisor of h and 33.
3
Let b(t) = -55*t**3 - t**2 - t - 1. Let l be b(-1). Let c = 3457 - 3367. What is the highest common divisor of c and l?
18
Suppose -2 = -3*v - 3*z + 10, 4*z + 12 = 0. Suppose -1 - v = -8*u. Let b be 4/(-6) - 10/(-6). Calculate the greatest common factor of b and u.
1
Suppose -29 = -r - 5*v, 4*r - 9*r - 2*v + 30 = 0. Let b be r/8*12122/19. What is the greatest common divisor of 58 and b?
29
Let k(c) = 3 - 9*c + 10*c + 3*c**2 - 4*c**2. Let p be k(0). Let y(w) = w**2 + 373*w - 372. Let b be y(1). What is the highest common factor of p and b?
1
Let h be 10/((-210)/663)*-7. Calculate the greatest common divisor of 697 and h.
17
Let n(i) = i**3 + 19*i**2 - 33*i - 264. Let s be n(-19). Calculate the greatest common factor of s and 6.
3
Suppose -61*b + 7977 = -188709 - 57806. What is the highest common factor of b and 28?
28
Let i be 3 - ((20/4 - 2) + -5). Suppose 0 = -i*x + 23*j - 27*j + 656, -135 = -x + 3*j. Let t be (-3 + 4/2)*-12. What is the greatest common divisor of x and t?
12
Let a(b) = -166*b - 238. Let m be a(-21). Calculate the greatest common factor of m and 112.
112
Let b be (-2870)/(-1845) - 24664/(-9). What is the greatest common factor of 6 and b?
6
Let f(j) = 7*j**2 - 38*j - 17. Let i be f(6). What is the greatest common factor of i and 10066?
7
Let m = -56 - -130. Suppose -2*k + k = -m. Suppose 2*n + 0*c = 4*c + 32, 0 = -4*n - 2*c + k. Calculate the highest common factor of n and 198.
18
Suppose 3*r - 498 = -704*f + 699*f, -502 = -5*f - 2*r. What is the highest common divisor of f and 120?
6
Let g be (-4)/(3*12/(-2799)). Suppose -5*y - g = -4*q - 955, 641 = 5*y - q. Calculate the greatest common divisor of 40 and y.
8
Suppose -963*j = -873*j - 129600. What is the highest common divisor of j and 1980?
180
Let n = 5678 - 5678. Let d(g) = 16 - 2*g - 2 + 3*g**2 + 3*g. Let c be d(n). Calculate the highest common factor of c and 2.
2
Suppose 25*t - 27*t = -126. Let o be (-7)/(-28) + (-27)/(-4). What is the greatest common divisor of t and o?
7
Suppose 5*s - 5*y - 140 = 30, 2*s - 68 = y. Let h = s + 26. Let z = 89 + 1. What is the highest common factor of h and z?
30
Let v = -8974 + 10513. Calculate the highest common divisor of v and 54.
27
Let u(y) = -2*y**3 - 16*y**2 + 26*y + 92. Let